98 a factor of 1467054?
True
Is 117055 a multiple of 205?
True
Is 111 a factor of 2739258?
True
Is 1011548 a multiple of 360?
False
Does 160 divide 1304960?
True
Is 16 a factor of 11877598?
False
Is 15 a factor of 758017?
False
Is 560928 a multiple of 32?
True
Is 941 a factor of 2575106?
False
Is 190066 a multiple of 16?
False
Is 54617 a multiple of 28?
False
Does 85 divide 110145?
False
Does 5 divide 3777096?
False
Is 17 a factor of 95150?
False
Is 1283016 a multiple of 294?
True
Is 1708096 a multiple of 26?
True
Is 35 a factor of 58161?
False
Does 88 divide 104963?
False
Is 1468294 a multiple of 158?
True
Does 34 divide 2405602?
True
Does 92 divide 644?
True
Is 7 a factor of 414316?
True
Is 119712 a multiple of 16?
True
Is 54 a factor of 114621?
False
Is 54 a factor of 109777?
False
Is 65796 a multiple of 40?
False
Is 30728 a multiple of 76?
False
Does 248 divide 6944?
True
Is 369234 a multiple of 146?
True
Does 6 divide 52326?
True
Is 3529940 a multiple of 10?
True
Is 73655 a multiple of 5?
True
Does 38 divide 284403?
False
Is 34 a factor of 219232?
True
Is 58865 a multiple of 5?
True
Is 206451 a multiple of 113?
True
Does 127 divide 420751?
True
Is 97 a factor of 458713?
True
Is 13 a factor of 57720?
True
Is 4 a factor of 115856?
True
Is 174415 a multiple of 60?
False
Does 834 divide 818804?
False
Is 1430040 a multiple of 408?
True
Is 29 a factor of 981157?
True
Does 87 divide 393501?
True
Does 4 divide 8387?
False
Is 8 a factor of 26225?
False
Does 19 divide 150650?
False
Is 3311451 a multiple of 13?
True
Is 1502211 a multiple of 1152?
False
Is 614575 a multiple of 145?
False
Is 391528 a multiple of 6?
False
Is 8214400 a multiple of 160?
True
Is 135 a factor of 518130?
True
Is 174727 a multiple of 109?
True
Is 3 a factor of 354309?
True
Is 11 a factor of 176693?
True
Does 132 divide 60732?
False
Does 76 divide 219895?
False
Is 28613703 a multiple of 29?
False
Is 229824 a multiple of 133?
True
Does 185 divide 256780?
True
Is 199 a factor of 9565379?
False
Is 271127 a multiple of 38?
False
Does 128 divide 172800?
True
Is 23720 a multiple of 63?
False
Is 9 a factor of 43226?
False
Is 35 a factor of 710063?
False
Is 223302 a multiple of 23?
False
Is 62 a factor of 704320?
True
Does 28 divide 8974071?
False
Is 1719837 a multiple of 19?
False
Is 133332 a multiple of 271?
True
Does 20 divide 487100?
True
Is 91 a factor of 1007370?
True
Is 12760 a multiple of 29?
True
Is 72 a factor of 4998807?
False
Is 5243350 a multiple of 4?
False
Does 77 divide 530078?
False
Is 568036 a multiple of 268?
False
Is 30525244 a multiple of 212?
True
Is 283 a factor of 1334628?
True
Does 25 divide 3149485?
False
Is 230 a factor of 44793420?
True
Does 24 divide 16800192?
True
Is 262 a factor of 24890?
True
Does 26 divide 236626?
True
Does 14 divide 1801268?
True
Does 34 divide 183209?
False
Is 337102 a multiple of 33?
False
Does 136 divide 371416?
True
Is 1759 a factor of 2903261?
False
Is 221400 a multiple of 9?
True
Is 371 a factor of 30335186?
True
Does 424 divide 624976?
True
Is 134 a factor of 70907?
False
Does 25 divide 48525?
True
Is 6076 a multiple of 49?
True
Is 304855 a multiple of 10?
False
Is 16 a factor of 169728?
True
Does 37 divide 76405?
True
Is 1736588 a multiple of 7?
True
Is 217700 a multiple of 14?
True
Is 107766 a multiple of 18?
True
Is 102726 a multiple of 439?
True
Does 25 divide 7698350?
True
Is 20 a factor of 58740?
True
Is 1297728 a multiple of 36?
True
Is 2599910 a multiple of 45?
False
Is 74425 even?
False
Does 1193 divide 2833375?
True
Is 526697 a multiple of 193?
True
Is 88257 a multiple of 73?
True
Does 445 divide 197580?
True
Is 29 a factor of 38476?
False
Is 2645780 a multiple of 15?
False
Is 188 a factor of 6068029?
False
Is 1840 a factor of 16433040?
True
Does 5 divide 124255?
True
Does 45 divide 1039590?
True
Is 1181895 a multiple of 247?
True
Is 3471314 a multiple of 128?
False
Does 20 divide 931400?
True
Does 247 divide 746187?
True
Does 23 divide 1896189?
True
Is 380 a factor of 255740?
True
Is 149 a factor of 27267?
True
Is 32526 a multiple of 45?
False
Is 241035 a multiple of 10?
False
Does 28 divide 143892?
True
Does 140 divide 313885?
False
Is 750897 a multiple of 3?
True
Is 13 a factor of 898157?
True
Does 56 divide 334768?
True
Does 24 divide 130747?
False
Does 10 divide 83001?
False
Does 160 divide 447520?
True
Is 212907 a multiple of 3?
True
Is 627 a factor of 1786950?
True
Does 518 divide 268324?
True
Is 5811383 a multiple of 751?
False
Is 158720 a multiple of 20?
True
Is 134 a factor of 37194?
False
Does 36 divide 52163?
False
Is 6573420 a multiple of 185?
True
Is 12432 a multiple of 84?
True
Does 20 divide 300260?
True
Is 6668966 a multiple of 22?
False
Is 1736694 a multiple of 174?
True
Is 469104 a multiple of 18?
False
Is 174 a factor of 53666?
False
Is 859 a factor of 362165?
False
Is 92 a factor of 36423?
False
Is 108 a factor of 231802?
False
Does 308 divide 356356?
True
Does 420 divide 655200?
True
Is 54 a factor of 728297?
False
Is 788403 a multiple of 77?
True
Is 11 a factor of 467302?
True
Does 682 divide 17204132?
True
Does 205 divide 197825?
True
Does 169 divide 94471?
True
Does 46 divide 3770850?
True
Does 959 divide 8745544?
False
Is 265 a factor of 133030?
True
Is 172 a factor of 216048?
False
Is 3 a factor of 273987?
True
Is 324430 a multiple of 29?
False
Is 141040 a multiple of 22?
False
Is 21 a factor of 2779734?
False
Is 59 a factor of 135164?
False
Is 880 a factor of 2644400?
True
Is 2573460 a multiple of 204?
True
Does 3 divide 118156?
False
Is 312900 a multiple of 12?
True
Does 19 divide 2027186?
True
Is 101 a factor of 286145?
False
Is 3627723 a multiple of 211?
True
Is 1433140 a multiple of 10?
True
Is 1133315 a multiple of 598?
False
Does 123 divide 4603152?
True
Is 3537216 a multiple of 2208?
True
Is 209338 a multiple of 262?
True
Is 126134 even?
True
Is 128688 a multiple of 17?
False
Does 220 divide 9020?
True
Is 816 a factor of 869856?
True
Is 237 a factor of 5636334?
True
Does 142 divide 3314169?
False
Is 482 a factor of 3810692?
True
Is 9041750 a multiple of 29?
False
Does 173 divide 6280?
False
Is 4584712 a multiple of 365?
False
Is 144109 a multiple of 148?
False
Is 779216 a multiple of 8?
True
Is 78771 a multiple of 93?
True
Is 381 a factor of 10287?
True
Is 13 a factor of 2348401?
False
Does 449 divide 79473?
True
Does 356 divide 231400?
True
Does 13 divide 1316653?
True
Is 76 a factor of 458584?
True
Does 56 divide 42392?
True
Is 30 a factor of 1343544?
False
Is 12 a factor of 8536576?
False
Is 4936080 a multiple of 942?
True
Does 6 divide 49349?
False
Does 83 divide 80007?
False
Is 12 a factor of 270567?
False
Is 70308 a multiple of 36?
True
Is 249182 a multiple of 19?
False
Does 35 divide 9982385?
True
Is 577 a factor of 488719?
True
Does 5 divide 168562?
False
Is 445 a factor of 2622738?
False
Is 5 a factor of 116876?
False
Does 417 divide 9342174?
False
Does 173 divide 232166?
True
Is 1994 a multiple of 2?
True
Is 115 a factor of 2349855?
False
Does 210 divide 161162?
False
Is 10 a factor of 190670?
True
Does 60 divide 604809?
False
Does 284 divide 666544?
False
Is 104661 a multiple of 9?
True
Is 44388 a multiple of 36?
True
Is 21 a factor of 99256?
False
Is 768 a multiple of 48?
True
Is 4723435 a multiple of 100?
False
Is 200579 a multiple of 455?
False
Is 5686993 a multiple of 13?
True
Does 7 divide 234479?
True
Is 149666 a multiple of 33?
False
Is 3 a factor of 184221?
True
Is 57722 a multiple of 7?
True
Does 368 divide 7529670?
False
Is 1981404 a multiple of 207?
True
Does 454 divide 9294127?
False
Is 74 a factor of 578014?
True
Does 51 divide 225047?
False
Does 552 divide 2861568?
True
Is 113 a factor of 212327?
True
Does 11 divide 259248?
True
Does 21 divide 260928?
False
Does 14 divide 30226?
True
Does 64 divide 529240?
False
Is 13230764 a multiple of 107?
True
Is 168891 a multiple of 20?
False
Does 240 divide 11075040?
True
Is 2357705 a multiple of 371?
True
Is 229 a factor of 7123732?
True
Is 9821812 a multiple of 223?
True
Is 154 a factor of 305269?
False
Does 10 divide 270602?
False
Is 57361 a multiple of 16?
False
Is 602 a factor of 1689814?
True
Is 9 a factor of 48883?
False
Does 97 divide 379492?
False
Is 993611 a multiple of 61?
False
Is 874675 a multiple of 